**4 + 1/60*y**5. What is q(o)?
-5
Let d = -14290 + 14283. Let m(s) = 10*s - 8. Give m(d).
-78
Let g(p) = 2*p**2 + 2*p + 2. Suppose 5*q = -5*w + 40 + 35, 0 = q - 3. Suppose 0 = -5*s + s + w. What is g(s)?
26
Let x(d) be the third derivative of -d**4/12 + 7*d**3/6 + 23*d**2. Let k be 12*1/(-16)*-4. Suppose 2 + k = -i. Give x(i).
17
Let q(t) = 4*t**2 + 14*t - 32. Let i(a) = 7*a**2 + 24*a - 66. Let j(s) = 3*i(s) - 5*q(s). What is j(6)?
10
Let n(m) = -4*m**3 - 25*m**2 - 15*m - 52. Let d be n(-6). Let t(k) = -k**2 + 4*k. Give t(d).
4
Let q(n) = -2*n**2 - 12*n + 22. Suppose 92*x + 287 = 51*x. What is q(x)?
8
Suppose 50*i - 36*i = -238. Let t(m) = m + 24. What is t(i)?
7
Let y(l) = 3*l**3 - 24*l**2 - 16*l + 17. Let n(b) = -8*b**3 + 49*b**2 + 32*b - 30. Let g(d) = 2*n(d) + 5*y(d). Give g(-21).
-80
Suppose 385 - 373 = 4*n. Let u(d) = -31*d - 26*d + d**2 + 3 - d**3 + 58*d + n*d**2. Calculate u(4).
7
Let u(j) be the second derivative of -7*j**3/3 + 2*j**2 - 888*j. Calculate u(5).
-66
Let a(r) = -7*r - 1. Suppose 147*f = 81*f. Give a(f).
-1
Let h(v) be the first derivative of v**4/2 + 2*v**3/3 + 3*v**2/2 - 4*v - 1310. Give h(2).
26
Let j(g) = 10*g + 13. Let s be ((-444)/(-24) - 18)*1*-10. Determine j(s).
-37
Let g be 6 + -5 + (-2)/(-1). Suppose -5*r + 67 = -g. Suppose 1 = 5*w - r. Let h(b) = -b**2 + 4*b - 2. What is h(w)?
1
Let m be ((-8)/(-28))/(9/(-63)). Let a be (52 - 54)/(m/7). Let q(w) = -4*w - 7. Let c(s) = -2*s - 3. Let x(k) = 5*c(k) - 2*q(k). What is x(a)?
-15
Let o(v) = v**2 - 20*v - 384. Let r be o(32). Let y(z) be the second derivative of -1/6*z**3 - 3*z + 1/2*z**2 + r. Calculate y(-4).
5
Let i(l) = -l**3 + 56*l**2 - 57*l + 132. Let n be i(55). Suppose -15*g = -n*g - 14. Let b(k) = 15*k. Give b(g).
-30
Let p(u) = -5*u. Let v be (-243)/27*(-2)/(-6). Let b be 5/v + (-14)/42. What is p(b)?
10
Let y(f) = f**2 - 6*f - 7. Let g(w) = -w**2 - 1. Let m(i) = 2*i**2 + 7*i + 13. Let b(x) = 3*g(x) + m(x). Let d(l) = -4*b(l) - 5*y(l). Determine d(0).
-5
Let y = -12 + 40. Suppose -2*q + y - 24 = 0. Suppose -3 + 21 = -q*f. Let x(c) = c**2 + 7*c - 12. Give x(f).
6
Let j(u) = -u + 6*u - 6*u - 7. Let d = 119 + -117. Suppose -2*k = 5*a + 31, -d*k - 21 = 8*a - 5*a. Give j(a).
-2
Let m(y) = -5*y - 1. Let f(l) = 2 - 1 + l + 0. Let d(s) = -6*f(s) - 2*m(s). Suppose 0 = -5*c - 5*p - 9 - 41, -4*p - 34 = 2*c. Determine d(c).
-16
Suppose -2*j + 0*j - 8 = 0. Let f be 1*j - (-594)/27. Suppose 19*q - f*q = 0. Let m(g) = g**2 + g + 5. What is m(q)?
5
Let z(s) = -188*s**2 + 569*s**2 - s**3 + 9*s - 4*s - 188*s**2 - 189*s**2 - 3. Let b be (2/4)/((-1)/(-6)). Calculate z(b).
21
Suppose -44 = -4*l + 4*y, -l = 3*l + 4*y - 12. Let o(u) = -7 + 2 + 3 + l*u + u. Let h be 2/7 + (-32)/14. Give o(h).
-18
Let y be 4/(-5 + 33) - (-4 - (-91)/(-49)). Let l(i) = -i**3 + 6*i**2 + 2*i - 4. What is l(y)?
8
Suppose -3*a = 2*a - 10. Let t(q) be the first derivative of -q**4/4 + 4*q**3/3 - 2*q**2 + 3*q + 866. Give t(a).
3
Let r(l) = -11*l - 1. Let g(p) = -8*p**3 + 9*p**2 + 31*p - 1. Let v(z) = 3*z**3 - 5*z**2 - 15*z. Let u(q) = 2*g(q) + 5*v(q). Let y be u(-3). What is r(y)?
-12
Let k(c) = -c + 26. Let s be (5 + 15/(-20))*(-16)/(-4). Give k(s).
9
Let g be 141/(-7) + 10/(-14)*8/(-40). Let r(f) = f**3 + 20*f**2 + 4*f + 82. Calculate r(g).
2
Let q be (6/(-5))/((-2)/5). Let s = 84 + -83. Let t(p) = 0*p**2 + 1 - p**3 + s + 2*p**2 + p**2 - 3*p. Calculate t(q).
-7
Let h be 6/(-8)*2*2400/450. Let k(r) = r**3 + 9*r**2 - 7*r - 125. What is k(h)?
-5
Let l(h) be the third derivative of h**6/180 + h**5/60 + h**4/12 + 74*h**3/3 - 106*h**2. Let t(n) be the first derivative of l(n). Determine t(-2).
6
Let c(a) = -a**3 - 17*a**2 - 33*a - 15. Let h be c(-15). Suppose -4*q + h = 4*s + 58, 5*s - 5 = 3*q. Let d(b) = -b**3 - 3*b**2 + 6*b - 3. Calculate d(q).
17
Suppose -y - 3*q - 20 = -5, 5*q + 46 = -4*y. Let z(f) = -f**3 - 6*f**2 + 29*f + 10. Calculate z(y).
-8
Suppose 12 = -20*t - 28. Let k(x) = x. Let a(n) = n - 1. Let r be a(0). Let i(h) = -4*h - 2. Let l(m) = r*i(m) - 6*k(m). Give l(t).
6
Let g(p) be the first derivative of p**4/4 - 8*p**3/3 + 9*p**2 - 11*p - 8820. Calculate g(7).
66
Let m be ((-6 + 8)*(-2 + 5)/(-6))/(-1). Let x(v) = -v + 9. Let w be x(7). Let q(b) = -b**2 + 0*b**w - 3*b**3 + 6*b**3 + 0*b + b. What is q(m)?
3
Let p(a) be the first derivative of -a**2 + 18*a - 294. Give p(5).
8
Let n(f) = -114*f - 26. Let k be n(8). Let q = k + 942. Let p(x) = -3 - 2*x**3 + 2*x + x**3 + 4*x**2 + 0*x**3. Calculate p(q).
5
Let g(d) = 3*d + 2. Let y be (1*-1)/(12/1164). Let a = y - -99. Suppose t = 5*j - 13, 5*j = -a*t - t + 1. Determine g(j).
8
Let m be -21*(504/(-630))/((-84)/(-10)). Let f(w) be the first derivative of -1/3*w**3 - 4 - 5*w + 7/2*w**m. What is f(6)?
1
Let d(t) = -5*t**3 + 7*t**2 - 2*t + 6. Let g(k) = -k**3 + k**2 + 1. Let s(x) = d(x) - 4*g(x). Suppose 0 = -2*z + 5*i + 16, 2*z + 9 = i + 17. Determine s(z).
-4
Let i(m) be the first derivative of -m**4/4 - m**3/3 + m**2/2 + 18*m - 34. Let z be (6/(-9))/((-4)/(36*2)). Suppose 0 = -z*q + 10*q. Calculate i(q).
18
Let r(o) be the second derivative of -o**3/3 + 3*o**2/2 + 2695*o. Let n(q) = 3*q**2 - q + 3. Let l be n(-3). Let z be (l/44)/((-1)/(-4)). What is r(z)?
-3
Let a(g) be the third derivative of -7*g**4/24 + 115*g**3/6 + 895*g**2 - 2*g. Give a(16).
3
Let f(c) = 111*c - 729. Let b(y) = 37*y - 225. Let d(v) = 13*b(v) - 4*f(v). Determine d(-1).
-46
Suppose 7*m + l = -1 - 5, 7 = -5*m + 2*l. Let y(t) = 46*t**2 - 1. Give y(m).
45
Suppose 11*w + 69 = -63. Let m be (w/(-9) - 1)*(-13 - -7). Let i(y) = y**3 + 3*y**2 - 2*y. Give i(m).
8
Suppose 10*p = -y + 9*p + 1, 0 = 4*y + 2*p - 6. Let w(l) = 80*l**2 - 85*l**y - 17 + 4*l - l**3 + 11. Calculate w(-6).
6
Let u be ((-4)/(-1))/((-1)/2). Let y(d) = 375*d**2 + 370*d**2 + 379*d**2 + d**3 + 3*d - 1493*d**2 + 378*d**2 - 2 + 0*d. What is y(u)?
38
Let h(q) = -4*q + 9. Let l(c) = -3*c + 8. Let y(r) = -5*h(r) + 6*l(r). Let o(z) = 27*z + 92. Let i be o(6). Let v = 257 - i. Determine y(v).
9
Let b(c) be the first derivative of -1/3*c**3 - c + 63 - 1/4*c**4 - c**2. What is b(-2)?
7
Let b(i) be the first derivative of -7*i**2/2 + 78*i + 185. Give b(11).
1
Let h(m) = 2*m**3 - 6*m**2 + 4*m + 1. Let s(k) = -k**3 + 3*k**2 - 2*k. Let u = -99 - -101. Let b(j) = u*h(j) + 5*s(j). Determine b(3).
-4
Let w(c) = c**3 + 13*c**2 + 43*c + 10. Suppose -222 = -32*d - 414. Determine w(d).
4
Let z = -7 - 2. Let k = z - -9. Let y(j) = -j - 2. Let i(r) = -5*r - 11. Let o(p) = -2*i(p) + 11*y(p). What is o(k)?
0
Let v(h) = 2*h**2 - 3*h + 3. Suppose w - 264 = -3*w. Suppose -2*m - 2*k - w = 0, 5*k = 5 - 15. Let x = m + 33. What is v(x)?
5
Let b(q) = 4*q**2 - 9*q - 4. Let u(v) = -v**2 + v. Let c(r) = -2*b(r) - 6*u(r). Let f = 14 - 7. Determine c(f).
-6
Suppose 3*r = 2*h - 23, -3*r = 5*h - 5*r - 74. Let b be ((-36)/14)/((-26)/(-14) - 2). Suppose -10*j = -h*j + b. Let s(f) = -f**3 + 2*f**2 + 4*f. Calculate s(j).
3
Let g(b) = 2*b - 2 + 2*b + 8*b - 11*b. Let l be g(4). Let i(u) = 2*u**2 - 2*u. Calculate i(l).
4
Let b(r) = -37*r + 605. Let t be b(0). Let x = t - 611. Let k(l) = -4*l + 3*l + 0*l - 5. Determine k(x).
1
Let y(a) = 16*a - 7. Let d(g) = -7*g + 3. Let p(z) = 7*d(z) + 3*y(z). Let o be (0 - 3/6)*10. Give p(o).
5
Let f(y) = -25*y - 2*y**2 + 3*y**2 + 26 + 6 - 54. Determine f(26).
4
Let a be ((-33)/5 + 7)*(10 - 5). Let l(g) = -3*g - 3. Determine l(a).
-9
Let p(i) be the first derivative of i**3/3 + 37*i**2/2 - 37*i + 12340. Calculate p(1).
1
Let q(l) = -5*l + 2. Let j(r) = 2*r**3 - 5*r**2 + 25*r - 12. Let a(h) = j(h) + 6*q(h). Determine a(-2).
-26
Let m(a) = -5*a**3 + 10*a**2 + 48*a - 21. Let q(n) = 11*n**3 - 20*n**2 - 106*n + 43. Let b(x) = -13*m(x) - 6*q(x). Determine b(-11).
4
Let y(j) be the first derivative of -j**3/3 - 10*j**2 + 44*j + 1562. What is y(-22)?
0
Let o(y) = -21*y**3 + 38*y**2 - 79*y + 74. Let c(a) = 13*a**3 - 25*a**2 + 52*a - 50. Let z(q) = 8*c(q) + 5*o(q). What is z(-12)?
6
Suppose -3*j + 8 = 3*u - 7, 5*u = -4*j + 21. Let p(d) = d**2 - 4*d + 2. What is p(j)?
2
Let y(c) be the first derivative of c**3 + 25*c**2/2 - 15*c - 2738. Give y(-9).
3
Suppose -3*b + 392 = g, 3*g + 286 + 254 = 4*b. Let w = b - 126. Let x(d) = -d + 5*d**2 - 4 - 5*d - 4*d**2 + 6. Give x(w).
2
Let r(z) = -4*z - 71. Let h be (54/(-90))/(-1 + (-31)/(-30)). Give r(h)